rime factors of h*(48/(-20) + 3).
3
Let v(u) = 3*u. Let t = -5 + 3. Let c be v(t). List the prime factors of ((-4)/c)/(2/39).
13
Let p be (15/(-2))/(-5)*2. Let h(q) = q**3 - 3*q**2 + 4*q + 1. What are the prime factors of h(p)?
13
Let g(x) = x. Let h(y) = -3 - 1 - y - y. Let r(z) = 3*g(z) + h(z). List the prime factors of r(7).
3
Let g = -58 + 151. What are the prime factors of g?
3, 31
Suppose 0 = 3*w - 20 - 100. List the prime factors of w.
2, 5
Let g be -1*4 + 3 + -2. Let m be g/2 - 27/(-6). Let a = 7 - m. List the prime factors of a.
2
Suppose -h + 5*c = 2*h + 20, 3*h - c + 4 = 0. Suppose -6 = -3*r - h. What are the prime factors of r?
2
Let r(x) be the second derivative of x**5/30 + x**4/24 - x**3/3 - x. Let g(b) be the second derivative of r(b). List the prime factors of g(1).
5
Let k = 220 - -145. List the prime factors of k.
5, 73
Let q be (-2)/(-10) + 837/15. Suppose -4*h - q = -156. List the prime factors of h.
5
Suppose 0 = -3*d - d - 5*x + 34, 3*d - 5*x - 8 = 0. Let h(t) = t**3 - 6*t**2 + 2*t - 1. What are the prime factors of h(d)?
11
Let b = -16 - -28. List the prime factors of (80/b)/((-4)/(-6)).
2, 5
Let k(l) be the third derivative of l**4/12 + 2*l**3/3 - 3*l**2. Let x be k(6). Let c = x + -7. List the prime factors of c.
3
Let s(a) = a + 13. Let b be s(-9). Let y(w) = -5*w - 5 + 3*w + 4*w. What are the prime factors of y(b)?
3
Suppose 2*a + a = 0. Let o(t) = 3 + 0 - 1 - t**3 + a*t**3 + 3*t. List the prime factors of o(-2).
2
List the prime factors of 11/66 - 155/(-6).
2, 13
Suppose -2*h + 4*v - 4 = 0, 0 = 2*h - v - 0 - 5. Let m(i) = 3*i**3 - i - 5*i**2 - 4*i - h*i**3. What are the prime factors of m(-4)?
2
Suppose -32 - 20 = -4*q. Suppose 3*s - 4 = g, 0*s = 2*s + g - 6. Suppose 0 = s*i + r - 15, -2*i - r = -4*i + q. List the prime factors of i.
7
Let p(n) = -n**2 - 16*n. Let u be p(-7). Suppose 3*h = 6*h - u. List the prime factors of h.
3, 7
Suppose 2*p + 20 = -3*m, p + 2*m + 3 + 8 = 0. Let b(x) be the first derivative of x**4/4 + 8*x**3/3 + 7*x**2/2 + 6*x - 4. List the prime factors of b(p).
2, 3
Let r be (3 + 14/(-6))*-3. List the prime factors of (r + (-66)/(-9))*6.
2
Let l(a) = a**2 + a + 17. Let r = 6 - 6. List the prime factors of l(r).
17
Suppose 3 = 2*y - 57. Suppose -3*t + y = -45. What are the prime factors of t?
5
Let s(c) = -2*c + 3. Let x be s(2). Let a = 15 + x. What are the prime factors of a?
2, 7
Suppose -7*s + 12 = -23. What are the prime factors of -4 + s + 34 + -1?
2, 17
Let u = 93 + -49. What are the prime factors of u?
2, 11
Let c(y) = -28*y + 10. Let j be c(5). Let l = -78 - j. What are the prime factors of l?
2, 13
Let l = -16 + 23. Suppose 235 = l*u - 2*u. What are the prime factors of u?
47
Suppose -4*s = j + 35, -2*j + 6*j + 23 = -3*s. Let t be ((-6)/18)/((-1)/s). List the prime factors of (-42)/t*(-1)/(-2).
7
Let w(d) = d**2 + 8*d - 2. Let j be w(-9). What are the prime factors of 7/(j/(-6))*-1?
2, 3
Let y(f) = f - 1. Let k(p) = 2*p**2 + 4*p - 4. Let x(o) = k(o) - 3*y(o). List the prime factors of x(1).
2
Let v = 8 + -3. List the prime factors of v.
5
Suppose 5*j - 18 = 62. Let y be (1/(-1))/((-2)/4). Let n = j - y. What are the prime factors of n?
2, 7
Let b(l) = -l - 7. Let x be b(-5). Let w be x/5 + 96/(-10). List the prime factors of (-114)/w + 2/(-5).
11
Let s = 5 + -1. Let r(j) = -j**2 + 11*j + 4. Let f be r(11). Suppose f*m - 3*m = s. List the prime factors of m.
2
Suppose 0 = 2*q + t - 21, -2*t - 6 = 4. Let k = q + 1. What are the prime factors of k?
2, 7
Let j = -20 - -54. List the prime factors of j.
2, 17
Let a be (-2 - (2 + -7))*2. List the prime factors of (a/10 + -1)*-10.
2
Let n = -41 + 147. What are the prime factors of n?
2, 53
List the prime factors of -3 - (1 + 2 - 27).
3, 7
Let x = -39 + 49. List the prime factors of x.
2, 5
Suppose -3*m + 537 = 3*f, -4*f + 717 = 3*m - 0*m. List the prime factors of f.
2, 3, 5
Suppose 4*g = 2*l + g - 9, -2 = 2*g. Suppose 0 = -l*u - 0*u. Let z = u + 3. What are the prime factors of z?
3
Let m(r) = r - 2. Let v be m(6). Suppose 2*a - 30 = -d - 13, 2*a - 62 = -v*d. List the prime factors of d.
3, 5
Suppose -3*l - 4 = -5*l. Let t be 5*(l - 2 - -1). Suppose 2*u = t*s + 3, 2*u - s = -0*s + 15. What are the prime factors of u?
3
Let r be ((-5)/(-4))/((-1)/8). Suppose 4*o - j = 64, 4*o + 5*j + 2 = 90. Let p = r + o. List the prime factors of p.
7
Let t(u) = -7*u**3 + 2*u**2 + u. Let o be t(-1). Let q = o + -16. List the prime factors of (-20)/q + (-1)/(-2).
3
Let z be 2*((-23)/2 + 0). Let g = z - -49. List the prime factors of g.
2, 13
Let i be (1 - (3 + -5))*1. Suppose 11 = -j - 4*p + 42, i*j - 18 = 3*p. List the prime factors of j.
11
Suppose 2*v + 4*r - 632 = 0, -4*v + 1355 - 69 = -3*r. List the prime factors of v.
2, 5
Let v be 418 + (-3 - -4) - -3. What are the prime factors of v/10 - 1/5?
2, 3, 7
Let p = 4 - 5. Let r = 4 - p. List the prime factors of r.
5
Suppose 0 = 4*y, 44 = 2*p - y - 4*y. List the prime factors of p.
2, 11
Suppose 2*o - 8 + 0 = 0. Suppose -4*r = 5*s + 113, o*r - 17 = s + 20. What are the prime factors of (3 - (s - 0))/2?
2, 7
Let q(c) = c**3 + 2*c**2 + 2*c + 1. Let i be q(-2). Let j be -24*((-21)/6 - -3). Let g = j + i. What are the prime factors of g?
3
Let r(k) be the first derivative of -3*k**2/2 - 8*k + 4. What are the prime factors of r(-6)?
2, 5
Let z(c) = c + 1. Let q be z(4). Suppose 3*m - 8 = 7. Suppose r - 4*a - m = q, -a = 3*r - 30. List the prime factors of r.
2, 5
Let p be -1*(-3 + -1 + 2). Suppose p*j + 0 = 4. Suppose j*g - 42 = 4*l, l + 15 = -2*l. List the prime factors of g.
11
Suppose -3*v + y = -y - 83, -3*v - 4*y = -59. What are the prime factors of v?
5
Suppose 3*w + 5*d - 27 = 0, 10 = 2*w + 3*d - 7. Suppose w*i = 4*c + 3*i - 12, i + 6 = 2*c. Suppose -2*s + c*s - 3 = 0, -q = -2*s. List the prime factors of q.
2, 3
Let q(n) = 3*n**3 - n**2 - 8*n + 5. Let b(d) = -2*d**3 + 2*d**2 + 7*d - 4. Let h be 1/(1/(-2)) + 5. Let m(x) = h*q(x) + 4*b(x). List the prime factors of m(-3).
5
Let t = -12 + 22. What are the prime factors of 4/t - 33/(-5)?
7
Let u = 11 - 11. Suppose 5*p = 2*g + 226, u = -5*p + 2*g + 3*g + 235. List the prime factors of p.
2, 11
Let s(t) = -t**2 + 5*t + 3. Let r be s(5). Suppose 4 = 4*f, 5 = r*l + 2*f - 54. List the prime factors of l.
19
Let y = -25 - -43. Let b be (3/3)/(2/y). Suppose b = 5*r - 6. What are the prime factors of r?
3
Suppose -g = 4*a - 22, 4*g + a = -g + 167. List the prime factors of g*(2/1)/4.
17
Let a = 4 - 2. Suppose 3*t - a*t - 2 = 5*j, 5*t = -5*j + 10. Suppose j = 5*y - 4*x - 31, 0 = -0*y - 4*y + 4*x + 28. List the prime factors of y.
3
Let m be 3 - (-2 - (-2)/2). Suppose -s + 1 = m*l - 0*s, 3 = 3*s. Suppose 2*t + 3*j + 24 = 4*t, l = 4*t - 3*j - 42. List the prime factors of t.
3
Let a be 1/2 + (-22)/(-4). Let n(p) = p + 3 - p**3 + 0*p**3 + a*p**2 + 1. List the prime factors of n(6).
2, 5
Suppose 0 = -7*m + 357 + 126. What are the prime factors of m?
3, 23
Let m(k) = -5 + 2*k**3 - 4*k**3 + 6*k**2 + 3*k**3 + 3*k. What are the prime factors of m(-5)?
5
Let f be (8/(-8))/(1/(-61)). Suppose 2*u + f = 3*h - 0*h, -h - 4*u - 3 = 0. What are the prime factors of h?
17
Let s(y) = y**3 + 5*y**2 - 8*y - 4. List the prime factors of s(-5).
2, 3
Let n = 110 - 59. What are the prime factors of n?
3, 17
Suppose -3*z - 2*z + 330 = 5*f, 5*f - 344 = 2*z. Suppose b - f = -3*b. What are the prime factors of b?
17
Let y be ((-32)/(-24))/(1/6). Suppose -t - t + y = 0. Let j = t - -7. List the prime factors of j.
11
Suppose -2*y + 30 = -y. List the prime factors of y.
2, 3, 5
Suppose -196 + 36 = -4*w. List the prime factors of (-8)/w + 92/10.
3
Let a(h) = -5*h + 4*h - 2*h + 0*h. What are the prime factors of a(-3)?
3
Suppose 2*w - 174 = -w. List the prime factors of w.
2, 29
Suppose 3*l = -0*l + 6. Suppose 0 = 2*k - p - 95, 20 = k - l*p - 26. What are the prime factors of k/(-20)*10/(-3)?
2
Let x be (-46)/(-3)*72/16. Suppose 5*z = x + 1. List the prime factors of z.
2, 7
Let i be 3*(2/3)/1. Let q be 2 + -1*13 + i. Let x = -6 - q. List the prime factors of x.
3
What are the prime factors of -3 - -4 - 4*1*-10?
41
Let a be 15/2 + 7/(-14). Let v = 5 - a. Let d(p) = -9*p - 3. List the prime factors of d(v).
3, 5
Let v be ((-14)/(-49))/((-2)/(-14)). Suppose -2*n + 3 = -4*f + 3*n, 2*f - v*n = 0. 